rmine c(a).
5
Let u(b) = -b**2 + 2*b + 1. Let w be 6/(-3) + 10 - 0. Let x = 12 - w. Suppose 0 = -0*d + x*d - 16. What is u(d)?
-7
Let g(k) = 3*k**3 - 59 + 66 - 2*k**3. Give g(0).
7
Let o(d) = 2*d - 2. Suppose 5*y = -4*t + 12, 2 = -0*t - t. Calculate o(y).
6
Let o = -7 - -5. Let c(v) = -v. Let b be c(o). Let y(s) = -2*s - 2 + s + 2*s + s**2 - 4*s. Determine y(b).
-4
Let t(n) = 6*n - 7*n**2 - 1 + 2*n**2 - 9*n - n - n**3. Suppose -2*u + 0*u = 6. Give t(u).
-7
Let f be ((-18)/4)/((-15)/(-20)). Let k = -5 - f. Suppose 5 = -3*m - k. Let n(i) = -3*i - 3. What is n(m)?
3
Suppose -3 = -5*a + 3*d + 9, 3*a - 4 = 5*d. Let x(h) = 2*h - 1. What is x(a)?
5
Let c = -46 + 46. Let o(z) = z**3 + z**2 + 16. Determine o(c).
16
Let m = -9 - -8. Let j(x) = -1 - 2*x + 2 - 5*x. Give j(m).
8
Let y(b) = -45*b. Let g(h) = -2*h. Let s(c) = 130*g(c) - 6*y(c). Suppose 0 = -5*d + 3*x - 35, -3*x + 5 = -4*d - 26. Let z be d - -6 - (1 - -2). Determine s(z).
-10
Let z(d) be the first derivative of 2*d**3/3 + d**2/2 + 2*d + 10. Determine z(-2).
8
Let v(b) = b**2 + 4*b + 4. Let n(h) = h**2 - 6*h - 6. Let g be n(6). Let c = g - -3. What is v(c)?
1
Let v(x) be the second derivative of -x**4/3 + x**3/6 + x**2/2 - 13*x. Give v(-1).
-4
Let g(b) be the first derivative of b**4/4 - 3*b**3 + 9*b**2/2 - 6*b - 3. Let i be g(8). Let s(v) = -2*v + 3 + 4*v - 5. Calculate s(i).
2
Let d(o) = 6*o - 2. Let f(u) = 9*u - 3. Let z(y) = 7*d(y) - 5*f(y). Let r = 5 + -8. Determine z(r).
10
Let d = -14 + 19. Let t(j) = -j**2 + 4*j + 5. What is t(d)?
0
Let d(o) be the first derivative of -o**3/3 + 9*o**2/2 - 6*o - 57. What is d(7)?
8
Let t(l) be the third derivative of -l**5/60 - l**4/12 - l**3/2 - 7*l**2. Let n be (-8)/5 + 6/(-15). Give t(n).
-3
Let p(y) be the second derivative of -y**3/3 - y**2 - y. Let r be p(-2). Let m(o) = 5*o - 4 - 1 - o**r + 1. Calculate m(4).
0
Let r(g) = -9*g**2 + 4*g + 3. Let i(f) = -19*f**2 + 8*f + 7. Let k(d) = 6*i(d) - 13*r(d). Let l be k(2). Let x(a) = 2*a - l - 2*a + a + 0*a. What is x(5)?
-2
Let y(p) be the second derivative of p**4/12 - p**2 - 6*p. Let f(n) = -n**3 + 2*n**2 + 2*n - 1. Let g be f(2). What is y(g)?
7
Suppose 3*o + 0*o - 14 = -5*u, -2*o = -5*u - 1. Let y be (u + 5)*4/6. Let b(f) = f + f**3 - 2*f**2 + y*f**2 - 3*f**2 - 1. What is b(2)?
5
Let w(n) = n**2 + 5*n. Let m be (-22)/4 - 5/10. Let x be w(m). Let l(t) = -6 + 3 + x + 6*t**2 + t**3 + 5*t. Calculate l(-5).
3
Let m be 10/(-4)*(-12)/15. Suppose m*u + 6 = 5*u. Let f(i) = 1 + 0*i**2 + 2*i**2 + i - i**2. Calculate f(u).
7
Let h be 4/(-14) + 44/7. Let z(r) = r**3 - 6*r**2. Determine z(h).
0
Let r be 0 + -1 - (0 + -4). Let j(p) be the second derivative of 0 + 2/3*p**r - p**2 + p + 1/12*p**4. What is j(-4)?
-2
Suppose -b = 5*g - 12, -b - 2*b + 5*g = 4. Let f(d) = -d - 2. What is f(b)?
-4
Let q be (-1)/2*1*-2. Let h be -1*(-11)/(-1) - q. Let t be h*1/(-1 + -2). Let o(d) = -d - 1. Give o(t).
-5
Suppose 0 = -i + 3 - 5. Suppose 0 = g - 2*g + 2. Let o(j) = 5*j - g*j - 2 + 4. Calculate o(i).
-4
Suppose -5*z - 6 = 3*a + 4, -2*a + 8 = -4*z. Let j(t) = -t - 3. Determine j(a).
-3
Let p(x) = -x**3 + 9*x**2 - 11*x + 2. Let v = 134 - 126. What is p(v)?
-22
Let a(s) = s**2 + s + 1. Let d(j) = 3*j**2 - 4*j + 3. Let p(h) = 4*a(h) - d(h). Give p(-9).
10
Let k(g) = -5*g**2 - 4*g + 3. Let i(r) = -11*r**2 - 7*r + 7. Let a(y) = -4*i(y) + 9*k(y). Calculate a(-7).
6
Let f(n) be the second derivative of n**3/2 - 5*n**2/2 + 29*n. Calculate f(6).
13
Let h(d) = -5 + 0 + 4 + 2*d. Let f(x) = 5*x - 6*x + 0*x. Let t be f(-2). Determine h(t).
3
Let v(n) = n + 3. Suppose 6*k - 3*k + y = 7, -3*y = 3*k - 15. Let d be (-5)/k - (1 + 0). Determine v(d).
-3
Let y(n) = n**2 + n. Let o(r) = -1 + 2 - r - 5 + 0. Let x(d) = o(d) + y(d). Calculate x(3).
5
Let a(q) = q**2 - 12*q + 1. Let w be a(12). Let o(d) = -1 + 3*d**2 - 4*d**2 + 4*d + d**3 - 2*d. Calculate o(w).
1
Let b(a) = 4*a - 3*a - 8*a - a**2 + a**3 + 0 + 6*a - 5. Let u be (0 - 0)/(0 - -1). What is b(u)?
-5
Let j be (-3 - 20/(-8))*10. Let b(u) = -u - 4. What is b(j)?
1
Let m(t) be the second derivative of t - 3/2*t**2 - 1/6*t**3 + 0. Let y = 16 - 19. What is m(y)?
0
Suppose -4*x = -8*x + 8. Let c(z) = 0*z - z + z - 3 + 3*z. Give c(x).
3
Let u(t) = -63*t - t**2 + 123*t - 2 - 63*t. Calculate u(-2).
0
Suppose 3*j + 0*j = 0. Let g(b) = -b - 12. Let d(u) = 1. Let k(f) = 5*d(f) + g(f). What is k(j)?
-7
Let o(d) = 2*d**2 - 7*d + 6. Suppose -16*f + 21*f = 20. What is o(f)?
10
Let y(l) be the third derivative of -l**6/144 + l**5/40 - l**4/4 - 4*l**2. Let w(a) be the second derivative of y(a). Determine w(2).
-7
Let n(o) = 8*o**2 + 3*o + 6*o**2 + 1 - 10*o**2. Give n(-2).
11
Suppose -2*x + 17 = 3*b, 0*x + 5*b = x + 24. Let p(z) = -2*z**2. Give p(x).
-2
Let f be 3/(((-45)/(-6))/5). Suppose -j - 8 + f = 0. Let n = 2 + j. Let t(x) = -x**2 - 5*x. Determine t(n).
4
Let l be (-1)/4*(-3 - 1). Let k(r) = -r**2 - 6*r + 2. Let x be k(-6). Let i(o) = o - 8*o - x*o + 1. Determine i(l).
-8
Let l = 30 - 24. Let r(n) = n**2 - 2*n + 1. What is r(l)?
25
Suppose -5*t + 3 = -12. Suppose 4*a + 13 = -t. Let s(i) be the third derivative of i**6/120 + i**5/20 - i**4/6 + i**3/6 + i**2. What is s(a)?
1
Let l(t) = 2*t - 4 - 6*t**2 - 7*t**2 + 14*t**2. Calculate l(-4).
4
Let x(s) = -s**3 - 4*s**2 - 4*s - 5. Let p be x(-4). Let v(j) = j**2 + j + p - 11 + j**3. What is v(0)?
0
Let z(h) = h**3 + h**2. Suppose 5 - 8 = -3*n. Let p(s) = -7*s**3 - 6*s**2. Let u(w) = n*p(w) + 6*z(w). What is u(1)?
-1
Let p(g) be the first derivative of -1/3*g**3 - 3 + 3*g - 1/2*g**2. Give p(0).
3
Let u(g) = 1. Let w(c) = 5*c + 20. Let h(m) = -20*u(m) + w(m). Let b be (2*3/(-24))/(3/(-12)). What is h(b)?
5
Let n be (5 - 2) + (-2 - -3) - 0. Let r(v) = v**2 - 3*v + 1. Determine r(n).
5
Let t(n) = 12*n**2 - 11*n + 5. Let s(i) = 4*i**2 - 4*i + 2. Let g(x) = -8*s(x) + 3*t(x). Let c = -6 - -5. Calculate g(c).
4
Let c(z) = -15*z**2 - z - 1. Suppose 3*r - 6 = 6. Let y(v) = v**2 - 3*v - 5. Let i be y(r). Determine c(i).
-15
Let y(k) be the second derivative of k**5/20 - k**4/12 - k**3/2 + k**2 + 47*k. What is y(2)?
0
Let p(z) be the first derivative of -z**4/4 - 2*z**3 + z**2/2 + 4. What is p(-6)?
-6
Let z(d) = -d**2 + 7*d + 8. Let j be z(6). Let c = j + -9. Let a(p) = 6*p**2 - 2*p + 8. Let u(r) = -r**2 - r - 1. Let f(l) = a(l) + 5*u(l). Calculate f(c).
-7
Let g(k) be the first derivative of k**2/2 - 6*k + 19. Calculate g(10).
4
Let t = -5 + 3. Let l = t + 0. Let y(v) = -26*v + 82. Let a(n) = 9*n - 29. Let w(k) = 17*a(k) + 6*y(k). Give w(l).
5
Let g(v) = 4*v + 18. Let h be g(-6). Let k(c) = -c**3 - 5*c**2 + 6*c + 4. Determine k(h).
4
Suppose -3*b + 7 = 5*d, 2*b = -3*d + 1 + 4. Let j(y) = y - 8*y**3 + 3*y**3 + 15*y**3. Determine j(d).
-11
Let n(f) = -389*f - f**3 - 1 - 5*f**2 + 5 + 387*f. Let p(h) = h**3 - 7*h**2 - h + 9. Let u be p(7). Let y = u - 5. Give n(y).
-8
Suppose 0 = -p - 2*p + 15. Let j(g) be the third derivative of -2*g**2 - 1/60*g**p + 0*g + 0 - 1/6*g**4 + 1/2*g**3. Calculate j(-4).
3
Let a = 60 + -67. Let g(v) = -v**3 - 8*v**2 - 6*v + 4. Calculate g(a).
-3
Let q(o) = -o**2 - 1. Let d(v) = v - 11. Let f be d(9). Let l be ((-10)/4 - -2)*f. Let u = l + -4. Determine q(u).
-10
Let p(c) = -2 - 4*c + 8 + c**2 - 3 + 1. Determine p(4).
4
Let x(s) = s - 2. Let r(h) = 2*h - 6. Let y(u) = -3*r(u) + 8*x(u). Suppose 0*w = w - 2, 4*w = -3*p - 7. Give y(p).
-8
Let q(y) = 0*y - 3*y - y + 4 + 6*y. Give q(-4).
-4
Let o(p) be the third derivative of -2/3*p**3 - 1/24*p**4 + 0 + 0*p - p**2. Let h be 35/(-5) - (-4)/4. Give o(h).
2
Let v = 3 - 1. Let k be 4/6 - v/(-6). Let s(m) = -8*m - 1. Calculate s(k).
-9
Let t be 7/(1*(-2 + 3)). Let r(h) = -3*h. Let m be r(-1). Let k = t - m. Let u(v) = -v + 4. Give u(k).
0
Let z(n) = -3 - 2*n**2 + 3*n**2 - 6*n + 2*n**2 - 4*n**2. Calculate z(-5).
2
Let y(n) = n**2 - 6*n + 7. Suppose -4 + 2 = -o. Suppose -f + 5 = -5*s + o*s, 3*f - s - 15 = 0. Calculate y(f).
2
Let u(j) = 0*j + 4*j - 3*j. Let m = -14 - -19. Suppose 33 = -4*a - m*g - 2, 4*a + 4*g = -32. Calculate u(a).
-5
Let r be 84/(-22) - (-20)/(-110). Let o(k) be the third derivative of k**2 + 0*k + 1/3*k**3 + 1/60*k**5 + 1/4*k**4 + 0. Determine o(r).
-6
Let g(c) = -c**3 - 3*c**2 - 8*c + 5. Let i(m) = -m**3 - 4*m**2 - 7*m + 5. Let s(t) = -2*g(t) + 3*i(t). Suppose 0 = -f - 2*f - 15. What 